hundred thousands digit of 5623797?
6
What is the hundred thousands digit of 1433564280?
5
What is the thousands digit of 41818080?
8
What is the ten thousands digit of 582251673?
5
What is the hundred thousands digit of 6121296098?
2
What is the hundred thousands digit of 226780630?
7
What is the thousands digit of 618609864?
9
What is the hundred thousands digit of 2377085?
3
What is the hundreds digit of 583938130?
1
What is the ten thousands digit of 28173314?
7
What is the ten thousands digit of 858428741?
2
What is the thousands digit of 1443705156?
5
What is the millions digit of 60726335?
0
What is the tens digit of 24043130?
3
What is the hundreds digit of 5181861056?
0
What is the millions digit of 193553276?
3
What is the hundreds digit of 978660988?
9
What is the tens digit of 3564314486?
8
What is the ten millions digit of 1804245034?
0
What is the millions digit of 3609791897?
9
What is the units digit of 816570605?
5
What is the hundred millions digit of 592114162?
5
What is the hundreds digit of 634748984?
9
What is the millions digit of 2006259142?
6
What is the ten millions digit of 48147605?
4
What is the hundred thousands digit of 58799541?
7
What is the thousands digit of 194353962?
3
What is the billions digit of 6977108780?
6
What is the millions digit of 1003205288?
3
What is the hundred thousands digit of 44635795?
6
What is the billions digit of 1803419357?
1
What is the millions digit of 2713130439?
3
What is the hundred millions digit of 126949182?
1
What is the ten millions digit of 71173741?
7
What is the millions digit of 9388794?
9
What is the hundreds digit of 46904080?
0
What is the hundreds digit of 626737826?
8
What is the tens digit of 48566821?
2
What is the ten thousands digit of 1298339708?
3
What is the hundreds digit of 76400743?
7
What is the units digit of 88784180?
0
What is the ten thousands digit of 6632690529?
9
What is the hundreds digit of 568172469?
4
What is the billions digit of 6462462991?
6
What is the tens digit of 1181609?
0
What is the millions digit of 1563819971?
3
What is the hundreds digit of 43191346?
3
What is the thousands digit of 503369632?
9
What is the thousands digit of 4936398?
6
What is the millions digit of 67760603?
7
What is the hundreds digit of 50006867?
8
What is the ten millions digit of 502114041?
0
What is the hundreds digit of 854127547?
5
What is the ten thousands digit of 583135502?
3
What is the tens digit of 541795?
9
What is the billions digit of 3816687858?
3
What is the tens digit of 603031715?
1
What is the units digit of 340154929?
9
What is the ten millions digit of 1377434099?
7
What is the thousands digit of 4824439456?
9
What is the thousands digit of 5009725340?
5
What is the ten millions digit of 5470683159?
7
What is the tens digit of 168862615?
1
What is the thousands digit of 2752563594?
3
What is the thousands digit of 1197571941?
1
What is the hundred millions digit of 2070213267?
0
What is the billions digit of 3384386763?
3
What is the ten millions digit of 30314632?
3
What is the hundred millions digit of 1234442697?
2
What is the hundred thousands digit of 12809138?
8
What is the tens digit of 10470068?
6
What is the hundred thousands digit of 368966510?
9
What is the hundred thousands digit of 1475028125?
0
What is the thousands digit of 3649769?
9
What is the ten millions digit of 1164227819?
6
What is the tens digit of 37382244?
4
What is the hundreds digit of 93425427?
4
What is the ten thousands digit of 102788305?
8
What is the billions digit of 3166061154?
3
What is the hundred thousands digit of 107047086?
0
What is the millions digit of 1101580947?
1
What is the ten millions digit of 950721694?
5
What is the hundreds digit of 34387586?
5
What is the hundreds digit of 5100858355?
3
What is the units digit of 63890806?
6
What is the ten millions digit of 44612220?
4
What is the hundred thousands digit of 3680307787?
3
What is the hundred millions digit of 1664189684?
6
What is the ten thousands digit of 114222461?
2
What is the ten millions digit of 5467293267?
6
What is the hundred thousands digit of 3125662135?
6
What is the ten thousands digit of 469297852?
9
What is the ten millions digit of 674881117?
7
What is the hundred millions digit of 188101306?
1
What is the millions digit of 3586175782?
6
What is the ten millions digit of 26277584?
2
What is the units digit of 2097757287?
7
What is the ten millions digit of 442203799?
4
What is the billions digit of 1214790850?
1
What is the hundred thousands digit of 27740646?
7
What is the millions digit of 571595441?
1
What is the ten thousands digit of 110765028?
6
What is the thousands digit of 6494241873?
1
What is the units digit of 63060541?
1
What is the hundreds digit of 978773052?
0
What is the thousands digit of 2420617483?
7
What is the hundreds digit of 26254119?
1
What is the units digit of 36971754?
4
What is the millions digit of 101913760?
1
What is the hundreds digit of 2002791518?
5
What is the ten millions digit of 84324635?
8
What is the ten millions digit of 152128352?
5
What is the hundreds digit of 117245596?
5
What is the hundred millions digit of 1448005116?
4
What is the hundred millions digit of 1867345742?
8
What is the units digit of 46804099?
9
What is the ten thousands digit of 832124937?
2
What is the hundreds digit of 6511963212?
2
What is the units digit of 130067161?
1
What is the thousands digit of 708366426?
6
What is the millions digit of 168628135?
8
What is the units digit of 2663113417?
7
What is the thousands digit of 708163397?
3
What is the hundred thousands digit of 54003171?
0
What is the hundreds digit of 295733217?
2
What is the hundred millions digit of 263683129?
2
What is the thousands digit of 412859802?
9
What is the hundreds digit of 23277786?
7
What is the hundred thousands digit of 6706529456?
5
What is the thousands digit of 12816259?
6
What is the hundred thousands digit of 17999311?
9
What is the units digit of 13961077?
7
What is the millions digit of 75047879?
5
What is the tens digit of 770581029?
2
What is the thousands digit of 397396792?
6
What is the hundred millions digit of 1121703536?
1
What is the thousands digit of 53961989?
1
What is the hundreds digit of 166528097?
0
What is the ten millions digit of 766869872?
6
What is the millions digit of 1966620750?
6
What is the millions digit of 135270179?
5
What is the hundred thousands digit of 235299032?
2
What is the hundred millions digit of 145747749?
1
What is the hundred thousands digit of 201869515?
8
What is the millions digit of 449765348?
9
What is the thousands digit of 163551342?
1
What is the ten millions digit of 65896171?
6
What is the millions digit of 872540617?
2
What is the thousands digit of 559955826?
5
What is the ten thousands digit of 272411557?
1
What is the hundred thousands digit of 94615704?
6
What is the billions digit of 1819724312?
1
What is the tens digit of 482095363?
6
What is the hundreds digit of 2510670?
6
What is the tens digit of 64336549?
4
What is the thousands digit of 125632559?
2
What is the millions digit of 461689497?
1
What is the billions digit of 3433423629?
3
What is the tens digit of 1497083082?
8
What is the units digit of 14953615?
5
What is the ten millions digit of 143021661?
4
What is the ten millions digit of 281175784?
8
What is the millions digit of 83310233?
3
What is the ten thousands digit of 181701108?
0
What is the tens digit of 16699161?
6
What is the units digit of 197904218?
8
What is the hundred thousands digit of 26029883?
0
What is the thousands digit of 579790305?
0
What is the hundred thousands digit of 20356013?
3
What is the units digit of 52200730?
0
What is the hundred millions digit of 552693310?
5
What is the ten millions digit of 21820699?
2
What is the hundreds digit of 1971724779?
7
What is the units digit of 176011160?
0
What is the thousands digit of 45349779?
9
What is the units digit of 1074964629?
9
What is the units digit of 197752635?
5
What is the tens digit of 116979083?
8
What is the millions digit of 27619437?
7
What is the tens digit of 138554257?
5
What is the hundreds digit of 1147764429?
4
What is the thousands digit of 808502392?
2
What is the millions digit of 4108139?
